+ 5*h = -555, -2*i - h = 72 - v. Is i a composite number?
True
Let q(k) = -174*k + 3. Let z be q(-4). Suppose 832 = r + 2*l - z, -2*r - l = -3050. Is r a composite number?
False
Is (-3)/(-4) + 67*(-280)/(-32) a composite number?
False
Is -508*2/(56/(-91)) prime?
False
Suppose 30*h - 9926 - 200044 = 0. Is h composite?
True
Let q be 9/(-6)*138/(-9). Suppose 2 = 3*h + q. Let l(b) = -9*b + 8. Is l(h) a prime number?
True
Is (-1)/(3 + (-79014)/26337) composite?
False
Suppose 0 = 20*a - 38*a + 320634. Is a prime?
False
Let p(o) = o - 8. Let n be p(9). Suppose n = v - 3. Suppose -v*f + 3*g + 311 = -140, 3*f + 2*g - 351 = 0. Is f a prime number?
False
Is (2 - -4)/(7 - 9) - -1886 a composite number?
True
Suppose 20*n + 10 = 22*n. Suppose 0 = n*o - 13 - 37. Is o a prime number?
False
Suppose -42 = -5*k + 3*k. Let z = -65 + 58. Is 1224/k + 2/z composite?
True
Let s(q) = -36*q**3 - 2*q**2 - 10*q - 1. Is s(-3) composite?
False
Let i(u) = 4*u - 4 + 1 - 4*u**2 + 6*u**3 - u. Suppose -5*s - 2*k = -18, 7*s - 3*k + 5 = 9*s. Is i(s) a prime number?
False
Let b(o) = -o + 1. Let v be b(-2). Suppose 0 = -5*i - 25, -3*i + 54 - 438 = -v*y. Let m = y - 44. Is m a composite number?
False
Suppose b - 231 = -f, 2*f - 1160 = -5*b - 2*f. Suppose -3*h + 97 = -b. Suppose -4*c = -c - h. Is c composite?
False
Let y(v) = -2*v**3 - v**2 - 4*v - 15. Let l(k) = 4*k**3 + 3*k**2 + 8*k + 30. Let t(n) = -4*l(n) - 9*y(n). Is t(8) a composite number?
True
Let r be (-53 + 0)/((-1)/(-8)). Let f = r + 814. Suppose 0 = 5*o - 5*v - 575, -50 = -4*o - v + f. Is o prime?
False
Suppose -3*g + 2*g = -612. Let x = 97 + g. Is x composite?
False
Let j be (-1)/2*(-2 - 380). Let q = -208 + 96. Let m = j + q. Is m prime?
True
Suppose -3*t + 4*t = -5*x + 24, -4*t - 5*x + 36 = 0. Suppose 1 = 5*r + 11, 0 = -t*w + r + 11758. Is w a composite number?
False
Let y(q) = -6148*q - 319. Is y(-14) composite?
True
Let t = 16299 - 7592. Is t prime?
True
Suppose -12*h + 165647 = -120685. Is h a composite number?
True
Let k be 0/((0 - -1) + -2). Suppose f + v = -f + 9, -f - 3*v + 17 = k. Suppose 753 = -f*i + 5*i. Is i prime?
True
Let a(q) = 164*q - 9. Suppose -3*c = 5*r - 12, -4*r + 5*r = 0. Is a(c) prime?
True
Suppose -3*n - 2 = -4*u, 0 = 3*n - u - 2*u. Suppose -o - 4*i = -1383, 0 = -0*i - n*i. Is o a prime number?
False
Let d be 8/20 + (-18)/(-15)*813. Let s = d + 1. Is s a composite number?
False
Let s(t) = 5*t**2 - 71 + 30*t**2 + 74 + 3*t + 45*t**2. Is s(-2) a composite number?
False
Let s = -15 - -20. Suppose -k - s*p + 2518 = -181, -10780 = -4*k - 4*p. Is (-1)/(-4) + k/8 composite?
False
Let l(t) = 6*t**2 + t - 1. Let p be l(1). Suppose p + 18 = 3*f. Is 1302/f - (-1)/4 a composite number?
False
Let o = 633 - -1031. Let y = o - 777. Is y a prime number?
True
Let m = -16 + 26. Let t be 19952/m - (-3)/(-15). Suppose 342 = 3*n - t. Is n a prime number?
False
Is (-446)/10*(-195)/39 a composite number?
False
Suppose 84251 = 6*s - 29263. Is s a prime number?
True
Suppose n - 4159 = -4*c, 6*n + 2*c - 16594 = 2*n. Let i = n + -2666. Is i composite?
False
Let b(d) = -2*d**2 + 11*d. Let p be b(5). Suppose 2*l - 314 = -z, p*l - 3*z = -5*z + 785. Is l a composite number?
False
Is 2231*(3 + (-4 + -5 - -7)) a prime number?
False
Suppose 0*t + 4048 = -4*t. Let q = t + 1913. Is q a composite number?
True
Is (2 - 3)/(-1) + 125056/16 a prime number?
True
Let z(y) = -1 + 52*y**2 - 2*y - 38*y**2 + 7 - y**3. Is z(10) a prime number?
False
Suppose -15*d = 3*b - 14*d - 43864, 2*d = -4*b + 58486. Is b prime?
True
Is (21*(-6)/(-27))/(2/33) a prime number?
False
Let f be (6 - 0)/3 + 0/2. Let m = 417 - 118. Suppose -4*p - f*q + m = -5*q, -4*p + q = -289. Is p composite?
False
Suppose 2*w = -2*s + 9682, 23*s - 19*s - 4853 = -w. Is w composite?
True
Let d(y) = y - 1. Let o be d(5). Suppose n - 6 = -p, 14 = 5*p + o*n - 13. Suppose -5*g - 3*f - 63 = -942, 3*g = -p*f + 525. Is g composite?
True
Suppose 0 = -2*w + w. Let p be (-4)/(24/3)*w. Suppose 3*n + 3*v - 783 = p, 5*n = 3*v - 441 + 1714. Is n prime?
True
Let d = -1747 + 34460. Is d prime?
True
Let t(c) = 4*c**3 - 9*c**2 - 4*c + 5. Suppose -16 = -6*s + 20. Is t(s) prime?
True
Let r(d) = 37*d - 18. Let q(n) = 46*n - 9*n + 0 - 17. Let p(z) = -6*q(z) + 7*r(z). Is p(19) prime?
False
Suppose 4*f = -2*k + 1366, 2*f = -4*k - 3*f + 2717. Is k a prime number?
True
Let p = -1878 - -274. Let v = -903 - p. Is v a composite number?
False
Let y(z) = 6*z + 2. Let d be y(6). Let h = d + -21. Suppose 18 = 5*u - h. Is u a prime number?
True
Let w = -317 + 2023. Is w prime?
False
Suppose 0 = -99*q + 92*q + 65177. Is q a composite number?
False
Let j(c) = 13525*c**2 + 58*c - 119. Is j(2) prime?
False
Suppose -7*p + 4*p = -9. Suppose z = -2*z - 3*b + 1146, -5*z = -p*b - 1902. Is z prime?
False
Suppose -a + 28 = 4*h, -3*h - 2*a + a + 22 = 0. Suppose -h = 19*r - 20*r. Is (311 - -3)*3/r a prime number?
True
Let c(g) = -g + 1. Let t(p) = -345*p - 1. Let y be (1/1)/(0 - 1). Let l(d) = y*t(d) - 4*c(d). Is l(1) a composite number?
True
Suppose -293 = -11*i + 114. Is i prime?
True
Let f(u) = 4*u - 4. Let p(g) = -7*g + 7. Let d(b) = 5*f(b) + 3*p(b). Let k be d(6). Let j(l) = -3*l**3 + 4*l**2 - 3*l - 5. Is j(k) a composite number?
True
Let s(p) = -52715*p**3 + 6*p**2 + 5*p - 2. Is s(-1) a prime number?
False
Suppose -4*o = -4*h + 11520, -5*o - 4*h + 3768 = 18141. Let t be (-4)/22 + o/(-33). Let f = t + 170. Is f a composite number?
False
Is 5366758/472*4/1 prime?
True
Let f be ((-84)/49)/((-312)/154 - -2). Suppose 2*o - 868 = f. Is o composite?
False
Suppose 67 = -4*m - 1. Let q = 19 + m. Suppose -296 = -q*s + 338. Is s prime?
True
Let m(l) = 5*l**2 + 27*l + 213. Is m(31) a prime number?
False
Suppose -2*z + 706448 = -5*m, -507352 = 4*m + 2*z + 57810. Let x be m/(-20) + (-2)/4. Is x/14 - (-6)/14 a prime number?
False
Suppose 3*l - 3*k + 367 = 5*l, -4*l = -5*k - 789. Is l composite?
False
Let l = 65 - 60. Suppose 5*n - 4*p - 919 = 0, 0*p = 3*n + l*p - 581. Is n a composite number?
True
Let y = -2 - 1. Let w(o) = -8 + 3 + 10 - 110*o + 2. Is w(y) composite?
False
Let n(l) = -168*l - 7. Let w(p) = 337*p + 14. Let s(q) = 5*n(q) + 2*w(q). Is s(-6) a composite number?
True
Suppose -q + 14 = 5. Suppose -3*g - 3*h = -3 - 6, 0 = -4*g + 3*h - q. Suppose 2*j - 7*j + 2705 = g. Is j a composite number?
False
Suppose -j + 4 = 2*q + 3, 3*j = q + 10. Suppose -b - 2 = j. Is 2 + 0 - (-616 + b) composite?
True
Let q(c) = -21*c - 4. Let w be q(8). Let n = 321 + w. Is n a prime number?
True
Suppose 0 = 32*x - 21*x - 386639. Is x prime?
True
Suppose 5*g - 49891 = 2*l, -9980 = -g + 24*l - 23*l. Is g a composite number?
True
Let l(j) be the first derivative of 10*j**2 + 11*j - 23. Is l(12) composite?
False
Suppose 9*o - 9 = 6*o. Suppose 0 = -0*u - o*u + 2715. Is u a composite number?
True
Let j be 4/(-26) - (-12)/78. Suppose j = 2*i - 937 - 973. Is i a composite number?
True
Suppose -27*h = 19*h - 347898. Is h composite?
True
Let c(k) = -190*k - 1. Let x(g) = -569*g - 2. Let y(b) = -17*c(b) + 6*x(b). Is y(-3) composite?
False
Suppose 3*t + 3*y = 4*t - 4547, 2*y - 4557 = -t. Is t a composite number?
True
Let i be (6 + 1567)/(0 - -1). Let l = i - 219. Is (-1 - -2)/(2/l) composite?
False
Let c = -51 - -49. Let z(t) = -537*t + 13. Is z(c) prime?
True
Let f be 3/(-5) - 9015/(-25). Let g = 59 + f. Suppose 0 = 3*b - 5*y - g, b - 3*b + 2*y + 282 = 0. Is b a prime number?
False
Let z(n) be the second derivative of -n + 0 - 1/2*n**2 + 56/3*n**3. Is z(2) a composite number?
False
Let u(h) = h**2 + 20*h + 34. Is u(-20) composite?
True
Let m = 1201 - 12. Is m a composite number?
True
Let w(h) = -5*h**3 - h**2 + 3*h + 4. Let r(v) = -3 - 17*v + 6*v + 10*v. Let o be r(0). Is w(o) a composite number?
True
Let u = -83091 - -247238. Is u a prime number?
True
Let l be (2/(-3))/((-7)/(21231/6)). Suppose 3*d + 4*v = 205, -5*d + l = -v + 3*v. Is d composite?
False
Let r be 390/(-20)*8/6. Let x = r - -35. Is 1944/x - (1 + 2) composite?
True
Let g(d) = d**3 + 13*d**2 + 5*d - 1. Let j be g(-12). Let n = j + 584. Is n composite?
True
Suppose 9*l - 10 = 14*l. Is (-7007)/(-66) - l/(-12) a composite number?
True
Let x(c) = 38*c + 7. Let i be x(-5). Let j be (-6)/15*(-2 - 828). Let m = j + i. Is m composite?
False
Let s = 66 + -64. Is s*(-6)/(-12)*1*2633 prime?
True
Suppo